- 6. Let t(o) = -7*n(o) + 4*w(o). Let a = -7 - -3. Is t(a) a composite number?
True
Let j be 0/(-5 - (-9)/3). Suppose 3*o + 3*s = 315, -4*o + 3*s + 513 - 65 = j. Is o a prime number?
True
Let q = 24 + -22. Suppose 5*d - 9 = -2*s + 213, -2*d = q*s - 216. Is s a prime number?
False
Suppose -22*a + 25*a = 4923. Is a prime?
False
Let b be (-4)/5*15/(-6). Suppose 5*k - 15 = -5*m, 4*k - 19 = 3*m - 0*m. Suppose k*w - b*w - 46 = 0. Is w prime?
True
Let z(p) be the third derivative of 5*p**4/6 + 11*p**3/6 + p**2. Is z(10) prime?
True
Suppose -5*j + 1903 = -3*d - d, 5 = -5*j. Let o = d + 814. Is o composite?
False
Let c = 585 + -118. Is c composite?
False
Suppose p + p - 46 = 0. Suppose 3*a = 0, 208 = 5*j + 5*a + p. Is j prime?
True
Let m be (6/4)/((-9)/(-12)). Suppose m*h - 10 = h. Suppose -h = 2*i - 48. Is i a composite number?
False
Let c = 9166 - 3967. Is c composite?
True
Let g(m) = -21*m**3 + 5*m**2 - 4*m + 23. Is g(-7) composite?
False
Let o(h) = 3*h + 1. Let k(b) = b**3 - b**2 - 4*b - 1. Let s be k(3). Suppose -5*v + 5 = s*r, -3*r - 3 = v - 0*r. Is o(v) a composite number?
True
Let u(j) = -2*j - 4. Let q(z) = 2*z + 9. Let l be q(-6). Let b be u(l). Suppose -107 + b = -3*k. Is k prime?
False
Let o be (-9)/(-15) - 4/(-10). Let p = o + -3. Let l(v) = -4*v**3 - 2*v**2 - 2*v - 3. Is l(p) prime?
False
Let z(o) = 33*o + 4. Let p(b) = -b - 1. Suppose -9 = 3*k + 3*q, -4*k + 1 = -k - 2*q. Let d(u) = k*z(u) - 4*p(u). Is d(-2) a composite number?
True
Let r = -83 - -335. Let x = r + -73. Is x prime?
True
Let b be (-153)/(-6) + (-1)/(-2). Let o be ((-9)/(-2))/((-3)/18). Let g = b - o. Is g a composite number?
False
Suppose 4*q - 88 = -2*b + 134, 5*b - q = 588. Let x = 244 - b. Is x composite?
False
Let v be (-2 - -1) + -4 + 231. Let f be (v/(-4))/((-2)/4). Suppose 219 = 4*t - f. Is t a composite number?
False
Let c = -534 - -1298. Suppose c = -0*m + 4*m. Is m prime?
True
Is (-4686)/(-10) - 4/(-10) composite?
True
Let h(n) = 98*n**2 - 6*n + 13. Is h(3) a prime number?
True
Let y(b) = -b + 11. Let w be y(5). Let s = w + -3. Suppose s*x - 78 = x. Is x a prime number?
False
Is 7311/6*(0 + 2)*1 a prime number?
True
Is 4554/12 - (-9)/6 prime?
False
Let o(y) be the first derivative of y**4/4 - 2*y**3 + 2*y**2 + 6*y - 4. Is o(7) composite?
False
Suppose -7 - 2 = l. Let n(p) = -p**3 - 8*p**2 + 10*p + 13. Let d be n(l). Suppose 5*x = 3*s - 0*s - 47, 0 = -2*x + d. Is s a prime number?
True
Suppose -w + 7*w - 762 = 0. Is w a prime number?
True
Suppose 4*g = 15 + 1. Suppose -3*q - 71 = m, -g*q - 93 = m + 2*m. Let p = q - -55. Is p prime?
True
Suppose 0 = 4*y - 0*y + 116. Let l = 96 + y. Is l a composite number?
False
Suppose -r = -6*r - 15, 23 = -s + 3*r. Suppose -3*p = 2*h - 259, -h - 81 = -p + h. Let x = s + p. Is x prime?
True
Is 1061*(2 - 0 - (4 - 3)) a composite number?
False
Suppose 2 = g - f, 0 = -5*g - 0*g - 5*f + 40. Suppose g*r - 3*r = 0. Suppose r = -5*v + l + 2*l + 259, 2*l = -2*v + 110. Is v a composite number?
False
Suppose -5 = -3*j - 2*b + 20, -4*b + 10 = -2*j. Suppose -j*g - 7 = 13. Is ((-13)/2)/(2/g) a prime number?
True
Let m(q) = -5*q + 1. Let x be m(2). Suppose 3*t = 2*y + 243, -5*y + 2*y + 5*t = 367. Is -3*(-3 - y/x) prime?
True
Let z(a) = 102*a - 23. Is z(7) a prime number?
True
Suppose -4*y + 2*b = -2*b - 8, 2*b = -2*y + 4. Suppose -3*d + 111 = q, -y*d + 28 = q - 46. Is d composite?
False
Let u(z) = 2*z**3 + z**3 + 3*z - 7 + 8*z**2 - 2*z**3. Is u(-6) a prime number?
True
Let b(c) = 2*c**2 - c - 2. Let f = -13 + 8. Is b(f) composite?
False
Suppose 2*w + 277 = 3*w + 3*d, -5*d = 0. Is w a prime number?
True
Let q = -111 - -185. Is q a prime number?
False
Let j = 18 + 46. Let w be (0 + (1 - 1))/(-2). Suppose 2*h + x - 113 = w, x + 2*x = -h + j. Is h a prime number?
False
Let w(s) = -4*s**2 + s. Let z be w(1). Let u = z - -19. Suppose -66 = -5*n - u. Is n a prime number?
False
Let f(m) = -30*m - 1. Let t be f(-1). Suppose -105 - t = -2*r. Is r a composite number?
False
Let a(t) = -7*t**3 - 8*t**2 + 13*t + 2. Let z(x) = -3*x**3 - 4*x**2 + 6*x + 1. Let s(v) = 4*a(v) - 9*z(v). Is s(3) composite?
False
Is (-287)/(-21)*(-30)/(-2) a prime number?
False
Suppose -c + 7 = -0*c - 4*s, 3*c - s = 10. Let b = 1 - 1. Suppose b = -x - c*x + 644. Is x a composite number?
True
Let q(d) = 0*d**2 - 5 - 1 + d**2 - 4*d. Let m be 120/16 + 1/(-2). Is q(m) prime?
False
Suppose -4*n + n + 1467 = 0. Let j = n + -334. Suppose -2*p - 2*p + j = 5*w, -2*p - 10 = 0. Is w a prime number?
False
Let v = 118 + -65. Suppose 4*t = v - 9. Is t*2 + (-1 - -2) prime?
True
Let i(g) = -5*g**3 + 2*g**2 - 3*g. Let z be i(-5). Let b = z + -203. Is b composite?
False
Suppose -3*t + 17 = -2*h, 5*t + 3*h - 19 - 22 = 0. Let p(k) = 19*k**2 - 5*k - 1. Is p(t) composite?
True
Suppose 0 = 4*f - 4*p - 1084, 272 = 2*f + 2*p - 282. Is f a composite number?
True
Let b be (-2)/(-7) + (-4556)/(-28). Let j = 4 - -1. Suppose -2*i + 2*m = 3*m - 73, -4*m - b = -j*i. Is i prime?
False
Let f(p) = 33*p**2 - p - 7. Is f(-3) a composite number?
False
Is (-599)/3*6/(-2) prime?
True
Let x = 130 - 72. Suppose -5*n = -5*q - 510, n - x = -2*q + 29. Is n composite?
False
Let p = 121 + -184. Let y = -127 - -27. Let f = p - y. Is f a prime number?
True
Let h = 97 - 64. Is h composite?
True
Is 2631 + -2 - (-5 + 1) a composite number?
False
Let s(g) = -g + 7. Let c be s(7). Is c - (-118)/(-2)*-1 a composite number?
False
Is 1/((-5796)/(-5793) + -1) composite?
False
Let u(k) = -k**3 - 7*k**2 - 5*k + 4. Let h be u(-6). Let q(v) = -19*v**3 + 3*v**2 + 3*v + 3. Is q(h) prime?
False
Let z = 12 - 18. Let k(a) = -a**3 - 6*a**2 - 2*a + 1. Is k(z) a prime number?
True
Let x(c) = c**2 - 285. Let p be x(0). Let f = p + 427. Is f a prime number?
False
Is 241 + -4 - 8/2 a composite number?
False
Let c = -292 - -1407. Is c a prime number?
False
Let k(d) be the first derivative of d**2 - 9*d + 1. Let q(w) = -w**3 + 5*w**2 - 2*w + 1. Let n be q(4). Is k(n) composite?
True
Let v be 3 - (-1 + -2 + -122). Suppose -2*x - v + 42 = 0. Let d = 50 - x. Is d prime?
False
Let g = 6 - -2. Suppose -3*x = -3, g*i - 3*i - 6 = 4*x. Suppose -3*v - 4*q - q = -260, 0 = i*v + 4*q - 174. Is v prime?
False
Suppose 0 = 3*m - 255 - 1812. Is m a composite number?
True
Suppose -816 - 933 = -3*y. Is y composite?
True
Let o(b) = -b + 5. Let c(k) = -5*k + 21. Let l(q) = -2*c(q) + 9*o(q). Let p be l(0). Is (293 + -1 - p)/1 composite?
True
Suppose -2377 = -3*h - 0*v + 4*v, -2*h + 5*v + 1594 = 0. Is h composite?
False
Let l be (-11)/(-3) + 2/(-3). Let p(r) be the third derivative of r**5/2 - 5*r**4/24 + r**3/3 - 4*r**2. Is p(l) a prime number?
True
Suppose 7*o - 1166 = 5*o. Is o a prime number?
False
Suppose 0 = 2*l - 0*l - 3*n - 910, 5*n = -5*l + 2225. Is l composite?
False
Let k = 169 - -18. Is k a prime number?
False
Let b(s) = -s**2 - 10*s - 11. Let h be b(-8). Suppose h*a - 3*p = p + 34, 0 = 3*p + 3. Let f(y) = y**3 - 4*y**2 + y - 7. Is f(a) a composite number?
False
Suppose 7*f - 3328 = 3*f. Suppose 436 = 4*b - f. Is b a prime number?
True
Is 9/((-9)/(-146)) + -1 prime?
False
Let o(s) = s**3 - 13*s**2 + 6*s - 15. Let m be o(13). Suppose 4*f - 3*f = d - m, -5*d + 319 = -3*f. Is d a prime number?
False
Let j = -542 + 1525. Is j prime?
True
Let o be (4 + -3)*(0 + 1). Suppose 0 = -2*t - o - 1. Is t/((-2)/(-4)) - -151 a prime number?
True
Let u(i) = i**2 - 6*i + 8. Let o be u(6). Let q(w) = 2*w + 9. Is q(o) composite?
True
Let i(x) = 62*x - 29. Is i(4) a composite number?
True
Let y(m) = m + 1. Let k(z) = 11*z - 2. Let n(r) = k(r) + 2*y(r). Suppose -b - b + 12 = 4*d, 3*b + 27 = 3*d. Is n(d) prime?
False
Let n(r) = -r**3 + 7*r**2 - 7*r + 4. Suppose s + 10 = 5*c, -18 = -4*s + s - c. Is n(s) prime?
True
Suppose 3*q + 4*y - 299 = 2*q, -2*q - 2*y = -598. Is q a prime number?
False
Let h(s) = -s - 1. Let r be h(-1). Suppose r = -4*k + k. Suppose 0 = -4*w - g + 48, -5*w - g - g + 63 = k. Is w composite?
False
Suppose -o + 799 = -5*k - 735, 5*o - 2*k - 7785 = 0. Is o composite?
False
Suppose -4*u + 18 = -266. Suppose -395 - u = f. Is f/(-14) + 6/(-21) a composite number?
True
Let c = 0 - -2. Is c + 12*15 + 3 prime?
False
Let w = -126 + 287. Let v = w + 2. Is v a composite number?
False
Suppose 5*a + 114 = 8839. Is a prime?
False
Let b = -1332 - -615. Let r = -413 - b. Let f = -1